-35ba?
35be
In base 3, what is 120000 + -1000221?
-110221
In base 5, what is 2 - 2302311?
-2302304
In base 14, what is -31d9 - 4?
-31dd
In base 14, what is 1b + c?
29
In base 13, what is -9 - 2249?
-2255
In base 5, what is -2013114 - 4?
-2013123
In base 5, what is 2030043323 + -2?
2030043321
In base 2, what is 10011001 - -1011000000?
1101011001
In base 5, what is -30321412 - -2?
-30321410
In base 3, what is -1022002002 + 20?
-1022001212
In base 14, what is -838 + 0?
-838
In base 11, what is a22 - -93?
1005
In base 7, what is -331601 + 13?
-331555
In base 11, what is -13633 - 5?
-13638
In base 3, what is 202 - 1021202?
-1021000
In base 3, what is -102010 - -22?
-101211
In base 8, what is 100 - -154216?
154316
In base 14, what is -16 + -68b1?
-68c7
In base 2, what is -101010000 + 1110010?
-11011110
In base 2, what is -1000111001011 - 111?
-1000111010010
In base 16, what is 3b11 + -40?
3ad1
In base 9, what is 422 + 101?
523
In base 10, what is 7235 - 111?
7124
In base 4, what is -232013 - 203?
-232222
In base 7, what is -46205 - -556?
-45316
In base 16, what is 28472 - 4?
2846e
In base 9, what is -2 - 21832?
-21834
In base 8, what is -1 - -14131?
14130
In base 15, what is -a70 + -7?
-a77
In base 15, what is 1 + 1222?
1223
In base 9, what is 38385 + -2?
38383
In base 8, what is -7777 + -20?
-10017
In base 13, what is -73 - -c29?
b86
In base 6, what is 2504 - -110?
3014
In base 16, what is -3b + 705?
6ca
In base 16, what is -3 - -edab6?
edab3
In base 2, what is 100011 + 110101101111?
110110010010
In base 3, what is 110120202 + 101220?
110222122
In base 2, what is -1001110011 - 1011110111?
-10101101010
In base 13, what is -529216 + 5?
-529211
In base 12, what is 2 + -8b69?
-8b67
In base 12, what is -19 - 100b?
-1028
In base 4, what is 202310 + 22?
202332
In base 13, what is -2 + 185b3?
185b1
In base 13, what is -b1c - 49?
-b68
In base 5, what is 20 + 21003?
21023
In base 14, what is -157 + -134?
-28b
In base 15, what is -1595b9 - 2?
-1595bb
In base 9, what is -88 + -2142?
-2241
In base 4, what is -13 + -1213?
-1232
In base 11, what is 41 - 6607?
-6576
In base 5, what is 211244 - 21?
211223
In base 10, what is -34794 - 0?
-34794
In base 14, what is -27a61 - -2?
-27a5d
In base 14, what is 173 + -10b2?
-d3d
In base 16, what is -be - c49?
-d07
In base 13, what is -13064 + -1?
-13065
In base 14, what is -1099 - 12?
-10ab
In base 5, what is 23241234 + 10?
23241244
In base 9, what is -12217 + -3?
-12221
In base 9, what is -202815 - 2?
-202817
In base 7, what is 312205 + -22?
312153
In base 10, what is 1225 + 1431?
2656
In base 9, what is 1430 - 1180?
240
In base 5, what is 12 + 31444?
32011
In base 8, what is -16411 + 10?
-16401
In base 3, what is 1001 + -2122221?
-2121220
In base 3, what is -21121000 + 11?
-21120212
In base 9, what is 544 + 565?
1220
In base 15, what is -4691 - 5?
-4696
In base 13, what is 1245c - -5?
12464
In base 3, what is 102 - -10121121210?
10121122012
In base 13, what is -1 + -31a2?
-31a3
In base 10, what is -15935 + -308?
-16243
In base 12, what is 251 - -16b?
400
In base 11, what is 961 - 1842?
-991
In base 5, what is -10 - -1122343?
1122333
In base 4, what is 10 + 22101003?
22101013
In base 9, what is 20 + -31856?
-31836
In base 7, what is 31402366 + 0?
31402366
In base 12, what is -1 - 2a8810?
-2a8811
In base 4, what is -1120 - -1121302?
1120122
In base 4, what is -1032033 + 312?
-1031121
In base 5, what is -403124200 + 10?
-403124140
In base 14, what is 2b948 - 6?
2b942
In base 15, what is -4be5 + 1c?
-4bc8
In base 4, what is -32000 - 20330?
-112330
In base 9, what is 4271 - 125?
4145
In base 7, what is 12265432 + 2?
12265434
In base 2, what is 1000100110100001 + 110?
1000100110100111
In base 7, what is -3011 - -1011?
-2000
In base 2, what is 10111000000 - -100100?
10111100100
In base 6, what is 42 + 200?
242
In base 9, what is 765 - 0?
765
In base 13, what is 2b - c430?
-c402
In base 8, what is -3670 - 227?
-4117
In base 10, what is 94 - 78?
16
In base 5, what is 121012310 - 12?
121012243
In base 9, what is -6 - -61668?
61662
In base 10, what is -92916 - -3?
-92913
In base 11, what is a155 + -4?
a151
In base 9, what is -152 - 5443?
-5605
In base 6, what is 12422535 - 0?
12422535
In base 6, what is 2102440 + -20?
2102420
In base 16, what is 2 - -10559?
1055b
In base 15, what is -5011 + -1?
-5012
In base 3, what is 12001 + 210202200?
210221201
In base 4, what is -32233012 + -20?
-32233032
In base 13, what is -616 - 17?
-630
In base 6, what is -350430 + -30?
-350500
In base 9, what is -16748 - -22?
-16726
In base 3, what is -1112122 - 10201?
-1200100
In base 16, what is -1f46 - -69?
-1edd
In base 12, what is -411 - 18b?
-5a0
In base 2, what is 1011111010101 - -1001?
1011111011110
In base 10, what is -97 + 1056?
959
In base 5, what is -2 - 2342120?
-2342122
In base 14, what is 82 + a61?
b03
In base 5, what is 32014 + -103?
31411
In base 9, what is 3 - 6446?
-6443
In base 13, what is -6208a + -4?
-62091
In base 2, what is -100 - 10010101100111101?
-10010101101000001
In base 8, what is -12 + -72602?
-72614
In base 7, what is 41601 - 156?
41412
In base 11, what is -220 + -449?
-669
In base 7, what is -3314 + -5243?
-11560
In base 2, what is 1011011111100111 - 111?
1011011111100000
In base 8, what is 5 - -3643170?
3643175
In base 6, what is 435510 - 3?
435503
In base 5, what is -20024 - -223?
-14301
In base 3, what is -2120 - 102111110?
-102121000
In base 8, what is -2 + 5437?
5435
In base 3, what is 222020 - -212211?
1212001
In base 6, what is 11012001 + 0?
11012001
In base 4, what is -22 + 11221?
11133
In base 10, what is 374 - -399?
773
In base 2, what is -1000011110000 + 1011000?
-1000010011000
In base 9, what is 2010188 + 4?
2010203
In base 12, what is -204 + -279?
-481
In base 7, what is 66 - -5510?
5606
In base 7, what is -1602421 - -6?
-1602412
In base 15, what is -1eb9 - 7d?
-2047
In base 5, what is 2123 + 11?
2134
In base 7, what is -1044214 + 0?
-1044214
In base 16, what is -aa0 - -b?
-a95
In base 9, what is -51237 + 30?
-51207
In base 16, what is -7ccea8 + 3?
-7ccea5
In base 9, what is 3738 + -733?
3005
In base 4, what is -113 + 111032?
110313
In base 7, what is 3641 + -43?
3565
In base 8, what is -105614 + 176?
-105416
In base 8, what is -214537 + 4?
-214533
In base 6, what is 254 + 110202?
110500
In base 10, what is -2 + -17257?
-17259
In base 8, what is 0 + 140202?
140202
In base 4, what is -10 - -203103?
203033
In base 16, what is -831 + -12?
-843
In base 14, what is 345b5 + 1?
345b6
In base 15, what is -3 - 847e?
-8482
In base 4, what is 23 - -12200110?
12200133
In base 11, what is -2 + -a432?
-a434
In base 5, what is 22110414 - -13?
22110432
In base 7, what is 545210 - -3?
545213
In base 13, what is 5 + b6c64?
b6c69
In base 13, what is 6 + -77c7?
-77c1
In base 16, what is -3a6 + 34?
-372
In base 5, what is -1443121 + 43?
-1443023
In base 5, what is -244 + -13404?
-14203
In base 4, what is 102310100 + -321?
102303113
In base 14, what is -25380 + 3?
-2537b
In base 13, what is -79ca - 3?
-7a00
In base 9, what is -43341 - 112?
-43453
In base 11, what is -3 + 153a1?
15399
In base 16, what is -3 - c26c3?
-c26c6
In base 4, what is -31301220 + -11?
-31301231
In base 12, what is 584394 + 2?
584396
In base 10, what is 224 - -4?
228
In base 12, what is 16556 + 5?
1655b
In base 16, what is -2b + -884?
-8af
In base 9, what is 1670 + 23?
1703
In base 3, what is -2 - -1112102122121?
1112102122112
In base 8, what is 2 - 102623?
-102621
In base 12, what is 6a8ab - 8?
6a8a3
In base 2, what is 1000 - 10110101100111011?
-10110101100110011
In base 12, what is 131b - 933?
5a8
In base 11, what is -7a + -5579?
-5648
In base 14, what is 0 - -1575?
1575
In base 5, what is 322 - -1022?
1344
In base 12, what is -2 + -91ba6?
-91ba8
In base 14, what is a0 + a?
aa
In base 5, what is 4 - 31134?
-31130
In base 13, what is -3b89 + 3?
-3b86
In base 16, what is 1 - -c59a?
c59b
In base 13, what is -47b64 - 5?
-47b69
In base 11, what is -1852a6 - 5?
-185300
In base 16, what is 4 - 358?
-354
In base 12, what is -430 + -69?
-499
In base 9, what is -8 + 10564?
10555
In base 3, what is 110 - 1021011?
-1020201
In base 3, what is 12 + -20102002?
-20101220
In base 8, what is -130674 - -7?
-130665
In base 11, what is 2814 + 6?
281a
In base 14, what is -15 -